55*m + 138. Let d(s) = 54*s + 141. Let c(v) = 4*d(v) - 5*z(v). Let a be c(-14). What is the highest common factor of 25 and a?
25
Let a be -4 + (68 - 0) - 0. Let c = 68 - a. Calculate the highest common divisor of c and 10.
2
Let g be (0 + -1)*4 + 3312/(-46). Let p = -7 - g. Suppose 3*y - 5*v - 89 = 0, -v = -1 + 5. Calculate the highest common divisor of p and y.
23
Let v = 16663 - 607. What is the greatest common divisor of v and 72?
72
Let i be (-121647)/(-161) - 2*12/(-56). What is the greatest common divisor of 1092 and i?
84
Let a = 100 - 52. Suppose 7*v - a = -20. What is the highest common factor of 96 and v?
4
Suppose 93*x + 135*x = 87*x + 75999. What is the greatest common divisor of 441 and x?
49
Let f be (-6 - (-13 + 1))/(6/1162). Calculate the greatest common divisor of 42 and f.
14
Let j = 42 - 37. Suppose j*p = 5*y + 435, -5*p + 442 = 3*y - y. Suppose -12 = -3*n, 4*n - 14 = 3*c - p. What is the greatest common factor of c and 15?
15
Let s = -16799 + 19039. What is the greatest common factor of 952 and s?
56
Let s(a) = a**2 + 12*a + 40. Let k be s(-5). Let g(p) = p**3 - 6*p**2 + 16*p + 1. Let u be g(k). Calculate the greatest common factor of 32 and u.
8
Suppose -178*r + 11*z = -175*r - 54177, 5*z - 36155 = -2*r. Calculate the greatest common divisor of 65 and r.
65
Let n(o) = 8*o**2 - 28*o - 192. Let h be n(-7). What is the highest common factor of h and 176?
44
Let x = -111415 + 111471. Let j = -4 - -12. What is the greatest common divisor of x and j?
8
Let x(r) = 18 - 69*r + 70*r + 8. Let h be x(-8). What is the greatest common factor of 42 and h?
6
Let x(f) = 221*f + 176. Let b(z) = 44*z + 34. Let m(q) = -11*b(q) + 2*x(q). Let w be m(-1). What is the greatest common divisor of 40 and w?
20
Let i = -1899 - -1901. What is the greatest common factor of i and 494?
2
Let q(g) = -2*g - 32*g - 10 - 40*g + 13*g. Let l be q(-1). What is the greatest common factor of l and 221?
17
Let p be (-3)/(-2) + (4 - (-27)/(-6)). Let w be 33 - (p - -1 - 6). What is the highest common divisor of w and 1?
1
Let f(j) = 6*j**2 - 18*j - 60. Let k be f(11). Let v = 607 + -583. Calculate the greatest common factor of k and v.
12
Let p be 18*(3/(-5))/((-12)/10). Suppose p*g - 14*g = -20. What is the highest common factor of g and 52?
4
Suppose 5*d + 7428 + 3122 = 0. Let t be (-1)/5 - d/50. What is the greatest common divisor of t and 378?
42
Let d = 1221 + -964. Let m be 1/((-4)/(-20) - 0). Suppose 2*o + b = 2*b + d, m*b = -o + 123. What is the highest common divisor of o and 16?
16
Let q = 50 - 39. Let b(y) = 8*y - 8. Let f be b(q). What is the greatest common divisor of f and 4?
4
Let v(u) = -3*u + 14. Let f be v(-7). Suppose -47 = -4*j + 3*p, -5*j + 4*p + f = 5*p. Calculate the highest common divisor of j and 1.
1
Suppose 8 + 12 = 2*h. What is the greatest common divisor of h and 1250?
10
Let s = -257 - -640. Suppose 13*x + 6 - s = 0. Let c(o) = -6*o**3 - 3*o**2 - 3*o + 1. Let m be c(-3). What is the highest common divisor of m and x?
29
Let y(a) = -16*a + 1790. Let b be y(111). Suppose 6*x - x = 770. What is the highest common divisor of x and b?
14
Let b(o) = -o**3 + 9*o**2 - 3*o - 16. Let c be b(8). Suppose -c = -5*n + 256. What is the highest common divisor of 49 and n?
7
Let f(c) = 3*c**2 + 47*c + 44. Let v be f(-15). Suppose 5*k + 783 = v*k. What is the highest common factor of k and 203?
29
Let d = -4223 - -4292. Calculate the greatest common divisor of 2139 and d.
69
Suppose 5*z + 4*t = 960, -291*t + 384 = 2*z - 288*t. Calculate the highest common factor of 42 and z.
6
Let g be 35182/14 - (-3)/1. Suppose 9*d + 941 - g = 0. Let c = 317 + -292. Calculate the highest common divisor of c and d.
25
Suppose -735 + 2527 = 8*l. Let u(q) = q**3 + q**2 - q - 1. Let w = -18 - -21. Let n be u(w). What is the highest common divisor of n and l?
32
Suppose v + 59366 - 9070 = 3*m, 2*m + 5*v - 33576 = 0. What is the highest common divisor of m and 256?
128
Let f be (-3)/6*(-8)/(6/3). Suppose 6*u = f*u + 80. Calculate the highest common divisor of 100 and u.
20
Let c = -1311 - -1493. What is the highest common factor of 70 and c?
14
Suppose 6*r + 3 = -9. Let b be (-1)/(((-8)/r)/(-4)). Let i be 10 - b*(-2)/(-1). What is the highest common divisor of 56 and i?
8
Let x(m) = m**2 - 4*m - 11. Let k be x(-7). Let j = -27 + k. Suppose 10 + 11 = u + 5*t, 106 = 4*u - 2*t. What is the greatest common factor of j and u?
13
Let h be 14 - (-2)/(-3 + 1). Let w = 1611 - 1520. What is the highest common factor of h and w?
13
Suppose -636*h - 5616 = -662*h. Calculate the greatest common factor of 4392 and h.
72
Let l be 2104/6*2754/204. What is the highest common divisor of l and 18?
18
Let n = -630 + 635. Suppose -n*r - 46 = -111. Calculate the highest common factor of r and 1053.
13
Let d(n) = 4*n**2 - 142*n + 76. Let k be d(35). Let r be (k/24)/((-5)/(-1700)). Calculate the greatest common divisor of 340 and r.
85
Let l be ((68/12 + 0)/(14/42))/1. What is the greatest common factor of 14977 and l?
17
Let w be (0 + -7)*((-12)/(-2) + -9). Let u = -14 + w. Suppose 4*g = -u*g + 198. Calculate the greatest common factor of g and 63.
9
Let q = -49 + 54. Suppose -6*u + 4*g + 33 = -u, 0 = -q*g - 10. Calculate the highest common divisor of u and 60.
5
Let w = 26353 - 26291. What is the greatest common factor of 210 and w?
2
Suppose 11*o - 17 = 5. Suppose 2*r + 308 = 5*r - o*w, 0 = 5*r + 4*w - 484. Calculate the highest common divisor of r and 60.
20
Suppose 5*f - s - 164 - 133 = 0, -2*f = -s - 117. Let g be 0 + 1/(1/42). What is the greatest common divisor of g and f?
6
Let z(g) = 2*g**2 - 28*g + 100. Let d be z(7). Suppose 54 + 30 = d*w. Calculate the greatest common divisor of 30 and w.
6
Suppose 0 = 15*t + 5*t - 680. Let m = -27 + t. Calculate the highest common divisor of m and 399.
7
Suppose 0 = 71*r - 70*r - 21. Suppose r = -x - 5*g, 13 = 2*x - 2*g + g. Let z be 27/x*2*(-120)/(-9). What is the greatest common factor of 30 and z?
30
Let r be (3/(-2))/((-2)/(-52)). Let f = -962 - -875. Let k = r - f. Calculate the highest common factor of 32 and k.
16
Let v(l) = -l**2 + 10*l - 24. Let o be v(6). Suppose o = -317*t + 308*t + 18. Calculate the highest common divisor of 27 and t.
1
Let x be ((-140)/(-20) + -8)/((-1)/137). Calculate the highest common factor of x and 5069.
137
Suppose 0 = 4*h + 4*r + 252, h - 5*r = 2*h + 55. Let c = h - -149. Calculate the highest common factor of c and 336.
84
Suppose -3*a + 329 = -5*v + v, -108 = -a + 3*v. Let h be (4 + 2)*a/6. Suppose 2*s - 1 = h. Calculate the greatest common divisor of 8 and s.
8
Suppose 0 = 4*u - 115 - 9. Let q = -851 - -852. Calculate the highest common divisor of u and q.
1
Let y(l) = -l**3 + 7*l**2 + 10*l - 16. Let i be y(8). Suppose -w + 4 = i, -8*w + 20 = d - 4*w. Calculate the greatest common divisor of 124 and d.
4
Let v(b) = 4*b**2 - 84*b - 32. Let r be v(23). Calculate the greatest common divisor of 988 and r.
76
Let z be 1 + -2 + 20 + (2 - 5). Let a be (-80)/30*(3 - (22 - 1)). What is the greatest common divisor of a and z?
16
Let w = 549 + -435. Calculate the highest common divisor of 627 and w.
57
Let f(b) = -b**2 - 42*b - 243. Let n be f(-33). Let s = 191 + 43. What is the highest common factor of s and n?
18
Let r be ((-131)/4)/((-24)/768). Let s = r - 1039. Suppose -5*p + 3*p + 126 = 0. Calculate the highest common divisor of p and s.
9
Let x(w) = 32*w**3 - 39*w**2 - 13*w + 16. Let n be x(5). Calculate the greatest common factor of n and 96.
96
Suppose 0 = 5*l - g - 1739, -4*g + 22 = 2*l - 634. What is the highest common factor of 14359 and l?
173
Suppose 5*i - 30*i - 3247 = -18872. What is the greatest common factor of i and 25?
25
Let s = -372 - -376. Let k be (-1 - (-11)/3)/(s/18). Calculate the highest common divisor of k and 54.
6
Let u(o) = 1064*o - 25576. Let k be u(25). Let l = -30 - -94. Calculate the highest common divisor of k and l.
64
Suppose -4*b - 108 = 2*a - 1820, -3*a - 5*b + 2570 = 0. Calculate the greatest common factor of a and 3655.
215
Suppose 20*c + 22*c - 12*c = 270. Calculate the greatest common divisor of c and 357.
3
Let i(w) = 17835*w**3 - 12*w + 11. Let f be i(1). Calculate the greatest common divisor of 74 and f.
74
Suppose 3*d = 20 + 7. Let f = 436 + -410. Suppose -5*g = -f - d.